*t, 68 = 4*k + k + 2*t. Suppose -8*u = 594 - 1650. Calculate the greatest common factor of k and u.
12
Let i(s) = -1552*s - 10736. Let n be i(-7). What is the highest common factor of 50688 and n?
128
Let r be (1600/28)/(12/126). What is the greatest common factor of 3675 and r?
75
Let f be (4 - 2) + 27 - 18/(-3). Calculate the greatest common divisor of f and 20.
5
Let g be ((-90)/(-20) - 2)/((-1)/(-50)). Let n be 50/4*2850/g. What is the highest common divisor of n and 30?
15
Suppose l + 5*f = 5, 2*l - 25 = -3*l + f. Suppose -4*c - 2*u + 1844 = 0, -l*c + 6*c - 467 = -2*u. Calculate the highest common divisor of 17 and c.
17
Let p be (-191)/((-7)/(-105)*-5). What is the highest common factor of 7067 and p?
191
Let y be 4*13/((-195)/(-90)). Suppose -14 = -3*z - l, 0*l = 2*z - 4*l + 14. Calculate the highest common factor of z and y.
3
Suppose 0 = -65*y + 144917 + 216548. Calculate the highest common divisor of 536 and y.
67
Let l = -7211 - -8633. Calculate the greatest common divisor of l and 36.
18
Let w(m) = -m**3 + 4*m**2 - 9. Suppose -10 = 2*s, 4*y + 13 = 5*y - 3*s. Let i be w(y). Suppose -474 = -3*d + 21. What is the highest common divisor of d and i?
15
Let z = 32 - 21. Let q be ((-91)/(-39))/(6/(-36)). Let l(y) = y**2 - y - 67. Let s be l(q). What is the highest common divisor of s and z?
11
Suppose 84*o - 34054 - 8618 = 0. What is the greatest common factor of o and 12?
4
Let b(d) = 6*d + 2. Let y be b(1). Let p be (-275)/(-10) - 4/(-8). What is the highest common divisor of p and y?
4
Let f = -8754 + 8796. Calculate the highest common divisor of 5040 and f.
42
Let l = 25569 - 25541. What is the greatest common divisor of l and 6748?
28
Let i(g) = -g**3 + 2*g + 7*g + 24 + 2*g**2 + 2*g**2 - 30 + 5*g. Suppose -2*s + 3 = -9. Let f be i(s). Calculate the highest common divisor of 6 and f.
6
Let q = -13 + 15. Suppose -y - 85 = -4*l + l, -q*l + 5*y + 74 = 0. Let w be (-4 - -8)/(6/l). Calculate the greatest common divisor of 162 and w.
18
Let p = -45 + 50. Suppose -p*q = -5 - 5. Suppose -4*j = -q*y - 54, 23 = 5*j - 3*j + 3*y. What is the greatest common divisor of 117 and j?
13
Let s = 995 + -980. Calculate the greatest common factor of s and 21495.
15
Let k(n) = -n**2 + 48*n - 497. Let c be k(32). What is the greatest common divisor of 96 and c?
3
Let y = 181 - 67. Suppose 18*z - 43 = -15 + 188. Calculate the greatest common divisor of y and z.
6
Suppose -10 = 5*i, 2*o - 192*i + 197*i - 494 = 0. Calculate the highest common factor of 1848 and o.
84
Suppose 5*w - 2372 = 5*v + 953, -3*v = -9*w + 6015. What is the highest common divisor of 5 and w?
5
Suppose -481 = -4*c + 667. Let r be c/2 + ((-7)/2 - -5). What is the greatest common divisor of r and 5?
5
Let j be 50556/495 - 2/15. Let f(u) = 0*u + 83 - j + 3*u. Let a be f(7). Calculate the highest common factor of 58 and a.
2
Let k(l) = -l**3 - 9*l**2 + 5*l - 14. Let o be k(-10). Let y(x) = 71*x + 3000. Let v be y(-42). What is the highest common factor of o and v?
18
Let b(y) = y**2 + 30*y + 243. Let n be b(-15). Calculate the highest common factor of 22 and n.
2
Let v = 7090 - 6890. What is the highest common factor of v and 250?
50
Suppose 12*b + 71*b - 5229 = 0. Let n(a) = a + 9. Let u be n(0). What is the highest common divisor of b and u?
9
Suppose -2*u + 3*u = 13. Let w(n) = -419*n**3 + 420*n**3 - 22 - 8*n - 5*n**2 - 1 - 7*n**2. Let v be w(u). Calculate the highest common divisor of v and 14.
14
Let k = -9080 + 9242. Calculate the greatest common factor of k and 2214.
54
Suppose -14 = 5*z - m, -z = 2*z - 2*m + 14. Let u be (z + 5)/((-9)/(-270)). What is the greatest common divisor of u and 150?
30
Let t be 46/4 + 60/120. Suppose -t*f + 237 = -723. Calculate the highest common divisor of 70 and f.
10
Suppose 4*d + 4*b + 120 = 3*b, -5*d = 5*b + 150. Let k be (-45)/d*16/(-6). Let y be 3 - 0*1*(k - -3). Calculate the highest common factor of 3 and y.
3
Suppose -6*d + 24696 = 3*d - z, 5*d + 4*z = 13720. What is the highest common divisor of d and 224?
56
Let n = -943 - -975. Calculate the highest common divisor of 496 and n.
16
Suppose -2*n + 737 = -3*c, 3*c = 2*n + 5*c - 712. Calculate the highest common divisor of 38 and n.
19
Suppose -3*f - f + 40 = 3*p, 2*f + 2*p - 22 = 0. Suppose -3*t + 4*o = -98, 0 = 8*t - f*t - 4*o - 46. What is the highest common divisor of 442 and t?
26
Suppose 1030 - 4540 = 42*j - 87*j. Calculate the greatest common divisor of j and 533.
13
Suppose -2*n = 3*g - 155, 0 = g - 5*n - 57 - 6. What is the greatest common divisor of 901 and g?
53
Let q(m) = 20*m**2 + 29*m - 158. Let i be q(6). What is the greatest common factor of i and 12?
4
Suppose 2*z - 6*d = -3*d + 897, z + 3*d = 471. Calculate the highest common divisor of 608 and z.
152
Let c be 360 + 2 - (1 - 2). Let s = 131 + -98. Calculate the highest common factor of s and c.
33
Let m(k) = -25*k + 694. Let z be m(25). Calculate the highest common factor of 30 and z.
3
Let n = 4 + 26. Suppose -5*c + 1325 = 5*w - 0*w, 5*c - 1375 = 5*w. Calculate the greatest common factor of n and c.
30
Suppose -3122 - 5078 = -5*c - 20*c. What is the highest common factor of 24 and c?
8
Let n be (1380/75 + -16)*25. What is the greatest common factor of 3090 and n?
30
Let l = -3816 + 3824. What is the greatest common divisor of 3800 and l?
8
Let q be (3 - 68/10)/(9/(-495)). Suppose -9*f = l - 11*f - 33, -5*l - f = -q. Calculate the greatest common factor of 451 and l.
41
Let y be (-95)/19 + (1*42)/2. Suppose 4*b = 80 + y. Calculate the greatest common factor of 114 and b.
6
Let i = 5913 - 5763. What is the greatest common divisor of 8130 and i?
30
Let z(i) = -2*i**2 - 22*i - 16. Let t be z(-10). Suppose 0 = t*s - 2*u - 712, 0 = 9*s - 11*s - 4*u + 376. Calculate the greatest common divisor of 20 and s.
20
Let s(d) be the second derivative of -d**5/20 + 11*d**4/12 - 3*d**3/2 + 10*d**2 - 24*d - 3. Let z be s(7). What is the greatest common factor of z and 17?
17
Suppose -8*s + 3*s + 967 = 2*c, -3*s = 4*c - 1955. Let i = c + -218. Calculate the highest common factor of i and 63.
21
Let p be (-200)/(-40) - (-2 + 6/3). Let d = -454 - -457. What is the greatest common divisor of p and d?
1
Let o = 5474 - 5348. What is the greatest common divisor of 16842 and o?
42
Let o be 21/14 - (-2964)/8. Let h = o + -326. What is the highest common divisor of 322 and h?
46
Let r(v) = 2*v**3 - 80*v**2 - 172*v - 38. Let o be r(43). Calculate the greatest common divisor of o and 48.
12
Suppose 20*u - 3207 - 6513 = 0. Let l = u + -324. What is the greatest common divisor of 36 and l?
18
Suppose -5*v - 6*u + 1772 = 404, -2*u - 776 = -3*v. Calculate the highest common divisor of v and 594.
66
Let r = -683 + 684. Let w be (2/(-10))/r + 11502/135. What is the greatest common factor of w and 68?
17
Suppose -3*i + 69 = -4*r, 4*r - 5 - 7 = 0. Suppose t = -2*g - 3, -3*g + 0*g - i = -3*t. Suppose -x + 27 - 2 = 0. What is the highest common divisor of t and x?
5
Let x(s) = -248*s + 2508. Let q be x(10). Calculate the greatest common factor of q and 6818.
14
Suppose -66 - 34 = 5*l. Let a = l + 21. Suppose -5*c = 4*y - 75, 38*c - 35*c + 5*y - 45 = 0. Calculate the highest common factor of c and a.
1
Let a be (28/(-16))/(48/(-8832)). What is the greatest common factor of 364 and a?
14
Let d = -70 - -74. Suppose -t = -5*t + 384. Suppose -d*x = -2*x - t. Calculate the highest common divisor of x and 32.
16
Suppose 5*t + 127 - 567 = 0. Suppose -6*g + t = -3*g - 4*h, -3*g = 3*h - 60. What is the highest common factor of 184 and g?
8
Let a = -8955 + 9051. Calculate the greatest common factor of a and 204.
12
Let t(c) = 8*c**2 + 1111*c + 5535. Let q be t(-5). Suppose -5*v = -280 + 100. What is the highest common factor of v and q?
36
Let u = 5200 + 869. Calculate the greatest common divisor of 42 and u.
21
Let v be 4/(-1 - -3) + -39. Let i = 46 + v. Let s = 128 - 56. Calculate the highest common factor of s and i.
9
Let a be 811338/(-171)*48/(-88). Calculate the highest common factor of a and 16.
4
Suppose 0 = 3*o + y - 1869, -5*o + 2*o + y + 1857 = 0. Calculate the greatest common divisor of 24633 and o.
207
Suppose 3*r - 403 + 397 = 0. Let x be (-1394)/(-3)*(-2 - (-7)/r). Calculate the greatest common factor of x and 17.
17
Let y be -17 - (-450 + (29 - 12)). What is 